{"id":104,"date":"2020-04-07T11:28:42","date_gmt":"2020-04-07T09:28:42","guid":{"rendered":"http:\/\/toulouse-sgencfdt.fr\/WORDPRESS_ITRF\/?page_id=104"},"modified":"2021-12-16T17:44:36","modified_gmt":"2021-12-16T16:44:36","slug":"infos-nouveaux-arrives-2","status":"publish","type":"page","link":"https:\/\/toulouse-sgencfdt.fr\/WORDPRESS_ITRF\/infos-nouveaux-arrives-2\/","title":{"rendered":"INFOS Contractuels, stagiaires"},"content":{"rendered":"<table style=\"border-collapse: collapse; width: 100%;\">\n<tbody>\n<tr>\n<td><img loading=\"lazy\" decoding=\"async\" class=\"alignnone wp-image-303 size-full\" src=\"http:\/\/toulouse-sgencfdt.fr\/WORDPRESS_ITRF\/wp-content\/uploads\/2020\/04\/tiny-man-entering-mysterious-maze-260nw-114318994.jpg\" alt=\"tiny-man-entering-mysterious-maze\" width=\"331\" height=\"258\" srcset=\"https:\/\/toulouse-sgencfdt.fr\/WORDPRESS_ITRF\/wp-content\/uploads\/2020\/04\/tiny-man-entering-mysterious-maze-260nw-114318994.jpg 331w, https:\/\/toulouse-sgencfdt.fr\/WORDPRESS_ITRF\/wp-content\/uploads\/2020\/04\/tiny-man-entering-mysterious-maze-260nw-114318994-300x234.jpg 300w\" sizes=\"auto, (max-width: 331px) 100vw, 331px\" \/><\/td>\n<td style=\"vertical-align: top;\">Vous \u00eates sous contrat, ou vacataire ou vous venez d&#8217;\u00eatre re\u00e7u \u00e0 un concours ? Cette page vous est d\u00e9di\u00e9e. Vous devriez y trouver toute information utile concernant votre contrat, votre statut et surtout, comment faire \u00e9voluer votre carri\u00e8re que vous soyez en Coll\u00e8ge, Lyc\u00e9e, Universit\u00e9, Ecole &#8230;<\/td>\n<\/tr>\n<\/tbody>\n<\/table>\n<ul>\n<li><strong>Contractuel<\/strong> : <a href=\"http:\/\/toulouse-sgencfdt.fr\/WORDPRESS_ITRF\/infos-nouveaux-arrives-2\/contractuels\/\">Tu trouveras sur ce lien les informations concernant ta situation<\/a><\/li>\n<li><strong>Titulaire stagiaire<\/strong> : Tu as r\u00e9ussi ton concours et tu souhaites connaitre tes droits dans cette p\u00e9riode particuli\u00e8re o\u00f9 tu es consid\u00e9r\u00e9 comme stagiaire de la fonction publique. <a href=\"http:\/\/toulouse-sgencfdt.fr\/WORDPRESS_ITRF\/2020\/04\/08\/fonctionnaires-stagiaires\/\">Tu trouveras les informations te concernant ICI<\/a><\/li>\n<li>Tu peux \u00eatre \u00e9galement int\u00e9ress\u00e9 par les th\u00e9matiques suivantes :\n<ul>\n<li><a href=\"https:\/\/toulouse-sgencfdt.fr\/WORDPRESS_ITRF\/2021\/02\/03\/actu-concours-itrf-et-examen-pro\/\">Concours<\/a><\/li>\n<li>R\u00e9mun\u00e9ration des personnels contractuels\n<ul>\n<li><a href=\"http:\/\/toulouse-sgencfdt.fr\/WORDPRESS_ITRF\/2020\/04\/24\/grilles-indiciaires-itrf\/\">Salaire<\/a><\/li>\n<li><a href=\"http:\/\/toulouse-sgencfdt.fr\/WORDPRESS_ITRF\/2020\/04\/28\/primes-et-indemnites\/\">Primes et \u00e9l\u00e9ments relevant de l&#8217;indemnitaire<\/a><\/li>\n<\/ul>\n<\/li>\n<\/ul>\n<\/li>\n<\/ul>\n<p><img loading=\"lazy\" decoding=\"async\" class=\"aligncenter size-full wp-image-2715\" src=\"https:\/\/toulouse-sgencfdt.fr\/WORDPRESS_ITRF\/wp-content\/uploads\/2021\/12\/Wingz-Contractuels.jpg\" alt=\"\" width=\"260\" height=\"200\" \/><\/p>\n<h2><a href=\"http:\/\/toulouse-sgencfdt.fr\/WORDPRESS_ITRF\/2020\/04\/08\/personnels-non-enseignants\/\">PERSONNELS NON ENSEIGNANTS<\/a><\/h2>\n<ul>\n<li>comme le dit l&#8217;article d\u00e9di\u00e9 en suivant ce lien <a href=\"http:\/\/toulouse-sgencfdt.fr\/WORDPRESS_ITRF\/2020\/04\/08\/personnels-non-enseignants\/\">\u21d2\u00a0<\/a>Vous n&#8217;\u00eates pas tout seul!<\/li>\n<li>Pour avoir des infos sur les CPE (commissions paritaires d&#8217;\u00e9tablissement) suivez <a href=\"http:\/\/sgenplus.cfdt.fr\/article\/decret-nouveau-cpe-esr\/\">le lien \u21d2<\/a><\/li>\n<li>Plus de renseignements sur les personnels ITRF en universit\u00e9 en suivant<a href=\"http:\/\/sgenplus.cfdt.fr\/article\/role-des-itrf\/\"> le lien \u21d2<\/a><\/li>\n<li>Le Sgen-CFDT est \u00e9galement \u00e0 vos c\u00f4t\u00e9s et \u00e0 votre \u00e9coute!<\/li>\n<\/ul>\n\n\n<div class=\"su-posts su-posts-default-loop \">\n\n\t\n\t\t\t\t\t\n\t\t\t\n\t\t\t<div id=\"su-post-5926\" class=\"su-post \">\n\n\t\t\t\t\n\t\t\t\t<h2 class=\"su-post-title\"><a href=\"https:\/\/toulouse-sgencfdt.fr\/WORDPRESS_ITRF\/2025\/12\/16\/la-des-itrf-2026\/\">LA des ITRF 2026<\/a><\/h2>\n\n\t\t\t\t<div class=\"su-post-meta\">\n\t\t\t\t\tPubli\u00e9: 16 d\u00e9cembre 2025\t\t\t\t<\/div>\n\n\t\t\t\t<div class=\"su-post-excerpt\">\n\t\t\t\t\t<p>Nous venons de recevoir la circulaire de promotions par listes d&#8217;aptitude&#8230; Vous trouverez ci-joint la circulaire et ses annexes concernant la constitution des dossiers de liste d\u2019aptitude pour l&#8217;acc\u00e8s aux corps des TECH, ASI, IGE et IGR pour l&#8217;ann\u00e9e 2026. Les agents promouvables seront inform\u00e9s individuellement. Date limite de retour \u00e0 la DPATE 2 et &hellip; <a href=\"https:\/\/toulouse-sgencfdt.fr\/WORDPRESS_ITRF\/2025\/12\/16\/la-des-itrf-2026\/\" class=\"more-link\">Continuer la lecture de <span class=\"screen-reader-text\">LA des ITRF 2026<\/span>  <span class=\"meta-nav\">&rarr;<\/span><\/a><\/p>\n\t\t\t\t<\/div>\n\n\t\t\t\t\n\t\t\t<\/div>\n\n\t\t\t\t\t\n\t\t\t\n\t\t\t<div id=\"su-post-5834\" class=\"su-post \">\n\n\t\t\t\t\n\t\t\t\t<h2 class=\"su-post-title\"><a href=\"https:\/\/toulouse-sgencfdt.fr\/WORDPRESS_ITRF\/2025\/04\/02\/concours-itrf-2025\/\">Concours ITRF 2025<\/a><\/h2>\n\n\t\t\t\t<div class=\"su-post-meta\">\n\t\t\t\t\tPubli\u00e9: 2 avril 2025\t\t\t\t<\/div>\n\n\t\t\t\t<div class=\"su-post-excerpt\">\n\t\t\t\t\t<p>C&#8217;est parti! Du 2 au 30 avril, 12h, RDV sur la page https:\/\/www.enseignementsup-recherche.gouv.fr\/fr\/recrutements\/itrf Pour avoir des infos sur les postes aux concours cat\u00e9gories A, B et C et s&#8217;inscrire sur WebITRF! &nbsp; Voici les postes aux concours pour l&#8217;acad\u00e9mie de Toulouse: toulouseemplois-itrf-cat-a-2025-v1-xlsx&#8211;36546\u00a0 toulouseemplois-itrf-cat-c-2025-v1-xlsx&#8211;36548 toulouse-emplois-itrf-cat-b-2025-v1-xlsx&#8211;36547 Voici les postes aux concours SUR TOUTE LA FRANCE: emplois-itrf-cat-a-2025-v1-xlsx&#8211;36546 emplois-itrf-cat-c-2025-v1-xlsx&#8211;36548 &hellip; <a href=\"https:\/\/toulouse-sgencfdt.fr\/WORDPRESS_ITRF\/2025\/04\/02\/concours-itrf-2025\/\" class=\"more-link\">Continuer la lecture de <span class=\"screen-reader-text\">Concours ITRF 2025<\/span>  <span class=\"meta-nav\">&rarr;<\/span><\/a><\/p>\n\t\t\t\t<\/div>\n\n\t\t\t\t\n\t\t\t<\/div>\n\n\t\t\t\t\t\n\t\t\t\n\t\t\t<div id=\"su-post-5640\" class=\"su-post \">\n\n\t\t\t\t\n\t\t\t\t<h2 class=\"su-post-title\"><a href=\"https:\/\/toulouse-sgencfdt.fr\/WORDPRESS_ITRF\/2024\/04\/02\/concours-itrf-session-2024\/\">Concours ITRF session 2024<\/a><\/h2>\n\n\t\t\t\t<div class=\"su-post-meta\">\n\t\t\t\t\tPubli\u00e9: 2 avril 2024\t\t\t\t<\/div>\n\n\t\t\t\t<div class=\"su-post-excerpt\">\n\t\t\t\t\t<p>Je vous informe de l&#8217;ouverture, au titre de la session 2024, du registre des inscriptions aux concours et recrutements des ing\u00e9nieurs et des personnels techniques de recherche et de formation (ITRF) suivants: l&#8217;ensemble des concours externes et internes les examens professionnels d&#8217;avancement de grade nationaux (IGR hors classe, technicien de classe sup\u00e9rieure et technicien de &hellip; <a href=\"https:\/\/toulouse-sgencfdt.fr\/WORDPRESS_ITRF\/2024\/04\/02\/concours-itrf-session-2024\/\" class=\"more-link\">Continuer la lecture de <span class=\"screen-reader-text\">Concours ITRF session 2024<\/span>  <span class=\"meta-nav\">&rarr;<\/span><\/a><\/p>\n\t\t\t\t<\/div>\n\n\t\t\t\t\n\t\t\t<\/div>\n\n\t\t\t\t\t\n\t\t\t\n\t\t\t<div id=\"su-post-5613\" class=\"su-post \">\n\n\t\t\t\t\n\t\t\t\t<h2 class=\"su-post-title\"><a href=\"https:\/\/toulouse-sgencfdt.fr\/WORDPRESS_ITRF\/2024\/02\/28\/mutation-intra-academique-2024\/\">Mutation intra acad\u00e9mique 2024<\/a><\/h2>\n\n\t\t\t\t<div class=\"su-post-meta\">\n\t\t\t\t\tPubli\u00e9: 28 f\u00e9vrier 2024\t\t\t\t<\/div>\n\n\t\t\t\t<div class=\"su-post-excerpt\">\n\t\t\t\t\t<p>Bonjour \u00e0 tous Nous avons re\u00e7u la circulaire et la proc\u00e9dure pour les mutations intra acad\u00e9mique 2024. Je vous laisse le soin de lire la circulaire en faisant attention aux dates! Ces \u00e9l\u00e9ments sont accessibles sur l\u2019espace \u00ab\u00a0professionnels\u00a0\u00bb\u00a0du site\u00a0www.ac-toulouse.fr\u00a0espace \u00ab\u00a0ressources humaines\/Formations\/concours\u00bb \/ \u00ab\u00a0carri\u00e8res \u00bb \/ \u00ab\u00a0mutations\/mouvements\u00bb\u00a0 \/ \u00ab\u00a0mutation personnels administratifs, techniques\u00a0, sociaux et de sant\u00e9 &hellip; <a href=\"https:\/\/toulouse-sgencfdt.fr\/WORDPRESS_ITRF\/2024\/02\/28\/mutation-intra-academique-2024\/\" class=\"more-link\">Continuer la lecture de <span class=\"screen-reader-text\">Mutation intra acad\u00e9mique 2024<\/span>  <span class=\"meta-nav\">&rarr;<\/span><\/a><\/p>\n\t\t\t\t<\/div>\n\n\t\t\t\t\n\t\t\t<\/div>\n\n\t\t\t\t\t\n\t\t\t\n\t\t\t<div id=\"su-post-5583\" class=\"su-post \">\n\n\t\t\t\t\n\t\t\t\t<h2 class=\"su-post-title\"><a href=\"https:\/\/toulouse-sgencfdt.fr\/WORDPRESS_ITRF\/2024\/02\/14\/concours-administratifs-2024\/\">Concours administratifs 2024<\/a><\/h2>\n\n\t\t\t\t<div class=\"su-post-meta\">\n\t\t\t\t\tPubli\u00e9: 14 f\u00e9vrier 2024\t\t\t\t<\/div>\n\n\t\t\t\t<div class=\"su-post-excerpt\">\n\t\t\t\t\t<p>Les concours administratifs sont ouverts depuis le 14 f\u00e9vrier 2024. &nbsp; Rdv sur Cyclades&#8230; https:\/\/cyclades.education.gouv.fr\/cyccandidat\/portal\/consulter_service_inscription\/__pmall_edit\/__rpall_sousactivite\/SEE0x1SVE0x1INS?OngletID=1707943229277 &nbsp; Session 2024 Concours et recrutements acad\u00e9miques de personnels administratifs, sociaux et de sant\u00e9 (adjoint administratif, secr\u00e9taire administratif, infirmier de l\u2019\u00e9ducation nationale, assistant de service social). &nbsp; &nbsp; Les inscriptions seront enregistr\u00e9es au cours d\u2019une phase unique d\u2019inscription et de &hellip; <a href=\"https:\/\/toulouse-sgencfdt.fr\/WORDPRESS_ITRF\/2024\/02\/14\/concours-administratifs-2024\/\" class=\"more-link\">Continuer la lecture de <span class=\"screen-reader-text\">Concours administratifs 2024<\/span>  <span class=\"meta-nav\">&rarr;<\/span><\/a><\/p>\n\t\t\t\t<\/div>\n\n\t\t\t\t\n\t\t\t<\/div>\n\n\t\t\t\t\t\n\t\t\t\n\t\t\t<div id=\"su-post-5566\" class=\"su-post \">\n\n\t\t\t\t\n\t\t\t\t<h2 class=\"su-post-title\"><a href=\"https:\/\/toulouse-sgencfdt.fr\/WORDPRESS_ITRF\/2024\/01\/30\/conge-proche-aidant\/\">Cong\u00e9 proche aidant<\/a><\/h2>\n\n\t\t\t\t<div class=\"su-post-meta\">\n\t\t\t\t\tPubli\u00e9: 30 janvier 2024\t\t\t\t<\/div>\n\n\t\t\t\t<div class=\"su-post-excerpt\">\n\t\t\t\t\t<p>Les infos dans l&#8217;article: https:\/\/sgenplus.cfdt.fr\/article\/conge-de-proche-aidant\/<\/p>\n\t\t\t\t<\/div>\n\n\t\t\t\t\n\t\t\t<\/div>\n\n\t\t\t\t\t\n\t\t\t\n\t\t\t<div id=\"su-post-5559\" class=\"su-post \">\n\n\t\t\t\t\n\t\t\t\t<h2 class=\"su-post-title\"><a href=\"https:\/\/toulouse-sgencfdt.fr\/WORDPRESS_ITRF\/2024\/01\/23\/promo-itrf-2024-le-calendrier\/\">Promo ITRF 2024: le calendrier<\/a><\/h2>\n\n\t\t\t\t<div class=\"su-post-meta\">\n\t\t\t\t\tPubli\u00e9: 23 janvier 2024\t\t\t\t<\/div>\n\n\t\t\t\t<div class=\"su-post-excerpt\">\n\t\t\t\t\t<p>Toutes les infos dans l&#8217;article suivant: https:\/\/sgenplus.cfdt.fr\/article\/calendrier-promotion-itrf\/ &nbsp; \u00e0 retenir:<\/p>\n\t\t\t\t<\/div>\n\n\t\t\t\t\n\t\t\t<\/div>\n\n\t\t\t\t\t\n\t\t\t\n\t\t\t<div id=\"su-post-5548\" class=\"su-post \">\n\n\t\t\t\t\n\t\t\t\t<h2 class=\"su-post-title\"><a href=\"https:\/\/toulouse-sgencfdt.fr\/WORDPRESS_ITRF\/2024\/01\/17\/circulaire-demandes-de-mise-en-disponibilite-2024-2025\/\">Circulaire demandes de mise en disponibilit\u00e9 2024-2025<\/a><\/h2>\n\n\t\t\t\t<div class=\"su-post-meta\">\n\t\t\t\t\tPubli\u00e9: 17 janvier 2024\t\t\t\t<\/div>\n\n\t\t\t\t<div class=\"su-post-excerpt\">\n\t\t\t\t\t<p>&nbsp; https:\/\/toulouse-sgencfdt.fr\/WORDPRESS_ITRF\/wp-content\/uploads\/2024\/01\/Circulaire-demandes-de-mise-en-disponibilte-2024-2025.pdf<\/p>\n\t\t\t\t<\/div>\n\n\t\t\t\t\n\t\t\t<\/div>\n\n\t\t\t\t\t\n\t\t\t\n\t\t\t<div id=\"su-post-5235\" class=\"su-post \">\n\n\t\t\t\t\n\t\t\t\t<h2 class=\"su-post-title\"><a href=\"https:\/\/toulouse-sgencfdt.fr\/WORDPRESS_ITRF\/2023\/06\/16\/resultats-la-2023\/\">R\u00e9sultats LA 2023<\/a><\/h2>\n\n\t\t\t\t<div class=\"su-post-meta\">\n\t\t\t\t\tPubli\u00e9: 16 juin 2023\t\t\t\t<\/div>\n\n\t\t\t\t<div class=\"su-post-excerpt\">\n\t\t\t\t\t<p>Les r\u00e9sultats des listes d&#8217;aptitudes de droit commun et exceptionnelles commencent \u00e0 sortir sur le site du minist\u00e8re https:\/\/www.enseignementsup-recherche.gouv.fr\/fr\/promotions-mutations-itrf-46463 &nbsp; Voici les documents PDF \ud83d\ude09 Pour les IGR Pour les IGE Pour les ASI Pour les TRF F\u00e9licitations \u00e0 tous les promus! Pour les d\u00e9\u00e7us, retrouvez tous nos conseils pour vos RA et organigrammes sur &hellip; <a href=\"https:\/\/toulouse-sgencfdt.fr\/WORDPRESS_ITRF\/2023\/06\/16\/resultats-la-2023\/\" class=\"more-link\">Continuer la lecture de <span class=\"screen-reader-text\">R\u00e9sultats LA 2023<\/span>  <span class=\"meta-nav\">&rarr;<\/span><\/a><\/p>\n\t\t\t\t<\/div>\n\n\t\t\t\t\n\t\t\t<\/div>\n\n\t\t\t\t\t\n\t\t\t\n\t\t\t<div id=\"su-post-5189\" class=\"su-post \">\n\n\t\t\t\t\n\t\t\t\t<h2 class=\"su-post-title\"><a href=\"https:\/\/toulouse-sgencfdt.fr\/WORDPRESS_ITRF\/2023\/05\/22\/pour-evoluer-se-rapprocher-des-ira\/\">pour \u00e9voluer, se rapprocher des IRA<\/a><\/h2>\n\n\t\t\t\t<div class=\"su-post-meta\">\n\t\t\t\t\tPubli\u00e9: 22 mai 2023\t\t\t\t<\/div>\n\n\t\t\t\t<div class=\"su-post-excerpt\">\n\t\t\t\t\t<p>les IRA, qu&#8217;est ce que c&#8217;est? Ce sont les Instituts R\u00e9gionaux d&#8217;Administration. &nbsp; https:\/\/www.fonction-publique.gouv.fr\/devenir-agent-public\/les-instituts-regionaux-dadministration-ira &nbsp; Cr\u00e9\u00e9s \u00e0 partir de 1971, les cinq instituts r\u00e9gionaux d&#8217;administration (\u00e0 Bastia, Lille, Lyon, Metz et Nantes) forment les attach\u00e9s d\u2019administration de l&#8217;\u00c9tat, le corps d&#8217;encadrement qui constitue la colonne vert\u00e9brale de l&#8217;administration. &nbsp; Au terme d&#8217;un parcours de formation &hellip; <a href=\"https:\/\/toulouse-sgencfdt.fr\/WORDPRESS_ITRF\/2023\/05\/22\/pour-evoluer-se-rapprocher-des-ira\/\" class=\"more-link\">Continuer la lecture de <span class=\"screen-reader-text\">pour \u00e9voluer, se rapprocher des IRA<\/span>  <span class=\"meta-nav\">&rarr;<\/span><\/a><\/p>\n\t\t\t\t<\/div>\n\n\t\t\t\t\n\t\t\t<\/div>\n\n\t\t\n\t\n<\/div>\n\n<p>&nbsp;<\/p>\n","protected":false},"excerpt":{"rendered":"<p>Vous \u00eates sous contrat, ou vacataire ou vous venez d&#8217;\u00eatre re\u00e7u \u00e0 un concours ? Cette page vous est d\u00e9di\u00e9e. Vous devriez y trouver toute information utile concernant votre contrat, votre statut et surtout, comment faire \u00e9voluer votre carri\u00e8re que vous soyez en Coll\u00e8ge, Lyc\u00e9e, Universit\u00e9, Ecole &#8230; Contractuel : Tu trouveras sur ce lien &hellip; <a href=\"https:\/\/toulouse-sgencfdt.fr\/WORDPRESS_ITRF\/2023\/05\/22\/pour-evoluer-se-rapprocher-des-ira\/\" class=\"more-link\">Continuer la lecture de <span class=\"screen-reader-text\">pour \u00e9voluer, se rapprocher des IRA<\/span>  <span class=\"meta-nav\">&rarr;<\/span><\/a><\/p>\n","protected":false},"author":8,"featured_media":0,"parent":0,"menu_order":0,"comment_status":"closed","ping_status":"closed","template":"","meta":{"footnotes":""},"class_list":["post-104","page","type-page","status-publish","hentry"],"_links":{"self":[{"href":"https:\/\/toulouse-sgencfdt.fr\/WORDPRESS_ITRF\/wp-json\/wp\/v2\/pages\/104","targetHints":{"allow":["GET"]}}],"collection":[{"href":"https:\/\/toulouse-sgencfdt.fr\/WORDPRESS_ITRF\/wp-json\/wp\/v2\/pages"}],"about":[{"href":"https:\/\/toulouse-sgencfdt.fr\/WORDPRESS_ITRF\/wp-json\/wp\/v2\/types\/page"}],"author":[{"embeddable":true,"href":"https:\/\/toulouse-sgencfdt.fr\/WORDPRESS_ITRF\/wp-json\/wp\/v2\/users\/8"}],"replies":[{"embeddable":true,"href":"https:\/\/toulouse-sgencfdt.fr\/WORDPRESS_ITRF\/wp-json\/wp\/v2\/comments?post=104"}],"version-history":[{"count":21,"href":"https:\/\/toulouse-sgencfdt.fr\/WORDPRESS_ITRF\/wp-json\/wp\/v2\/pages\/104\/revisions"}],"predecessor-version":[{"id":2716,"href":"https:\/\/toulouse-sgencfdt.fr\/WORDPRESS_ITRF\/wp-json\/wp\/v2\/pages\/104\/revisions\/2716"}],"wp:attachment":[{"href":"https:\/\/toulouse-sgencfdt.fr\/WORDPRESS_ITRF\/wp-json\/wp\/v2\/media?parent=104"}],"curies":[{"name":"wp","href":"https:\/\/api.w.org\/{rel}","templated":true}]}}