{"id":271,"date":"2020-04-07T18:25:29","date_gmt":"2020-04-07T16:25:29","guid":{"rendered":"http:\/\/toulouse-sgencfdt.fr\/WORDPRESS_ITRF\/?page_id=271"},"modified":"2023-03-10T08:26:45","modified_gmt":"2023-03-10T07:26:45","slug":"les-liens-utiles","status":"publish","type":"page","link":"https:\/\/toulouse-sgencfdt.fr\/WORDPRESS_ITRF\/les-liens-utiles\/","title":{"rendered":"les liens utiles"},"content":{"rendered":"<p>En voici quelques uns mais la liste n&#8217;est pas exhaustive :<\/p>\n<table style=\"width: 100%; border-collapse: collapse; border-color: #e15d12;\" border=\"1\">\n<tbody>\n<tr>\n<td style=\"width: 50%; border-color: #e15d12;\">vid\u00e9os de TP<\/td>\n<td style=\"width: 50%; border-color: #e15d12;\">r\u00e9alis\u00e9s par une coll\u00e8gue:\u00a0<a href=\"https:\/\/toulouse-sgencfdt.fr\/WORDPRESS_ITRF\/2023\/03\/10\/videos-de-tp\/\">https:\/\/toulouse-sgencfdt.fr\/WORDPRESS_ITRF\/2023\/03\/10\/videos-de-tp\/<\/a><\/td>\n<\/tr>\n<tr>\n<td style=\"width: 50%; border-color: #e15d12;\">L&#8217;INRS, Institut National de recherche et de s\u00e9curit\u00e9, est un organisme de r\u00e9f\u00e9rence dans les domaines de la sant\u00e9 au travail et de la pr\u00e9vention des risques professionnels<\/td>\n<td style=\"width: 50%; border-color: #e15d12;\"><a href=\"http:\/\/www.inrs.fr\/\">http:\/\/www.inrs.fr\/<\/a><\/td>\n<\/tr>\n<tr>\n<td style=\"width: 50%; border-color: #e15d12;\">L&#8217;observatoire national de la s\u00e9curit\u00e9 a pour r\u00f4le d&#8217;<\/p>\n<p><strong>\u00c9VALUER, INFORMER, PROPOSER, sans dramatiser ni banaliser, pour une s\u00e9curit\u00e9 int\u00e9gr\u00e9e et une accessibilit\u00e9 raisonn\u00e9e.<\/strong><\/td>\n<td style=\"width: 50%; border-color: #e15d12;\"><a href=\"https:\/\/www.education.gouv.fr\/l-observatoire-national-de-la-securite-et-de-l-accessibilite-des-etablissements-d-enseignement-89561\">https:\/\/www.education.gouv.fr\/l-observatoire-national-de-la-securite-et-de-l-accessibilite-des-etablissements-d-enseignement-89561<\/a><\/p>\n<p><a href=\"https:\/\/www.ac-strasbourg.fr\/fileadmin\/pedagogie\/physiquechimie\/Laboratoire\/Brochure_securite_Physique-chimie_septembre_2018.pdf\">Brochure sp\u00e9ciale s\u00e9curit\u00e9 labo en EPLE revu en sept 2018<\/a><\/p>\n<p>&nbsp;<\/td>\n<\/tr>\n<tr>\n<td style=\"width: 50%; border-color: #e15d12;\">Le site du rectorat de Toulouse regorge d&#8217;informations sur le r\u00f4le et le lien entre les diff\u00e9rents acteurs de la s\u00e9curit\u00e9<\/td>\n<td style=\"width: 50%; border-color: #e15d12;\"><a href=\"http:\/\/www.ac-toulouse.fr\/cid83816\/sante-securite-dans-les-etablissements.html\">http:\/\/www.ac-toulouse.fr\/cid83816\/sante-securite-dans-les-etablissements.html<\/a><\/td>\n<\/tr>\n<tr>\n<td style=\"width: 50%; border-color: #e15d12;\">\u00a0La m\u00e9decine de pr\u00e9vention du rectorat propose un lieu d&#8217;\u00e9coute confidentiel, de conseil et d&#8217;aide aux personnels ayant des probl\u00e8mes de sant\u00e9 dont les cons\u00e9quences retentissent dans l&#8217;exercice de leur travail.<\/td>\n<td style=\"width: 50%; border-color: #e15d12;\"><a href=\"http:\/\/www.ac-toulouse.fr\/cid123868\/medecine-de-prevention.html\">http:\/\/www.ac-toulouse.fr\/cid123868\/medecine-de-prevention.html<\/a><\/p>\n<p>&nbsp;<\/td>\n<\/tr>\n<tr>\n<td style=\"width: 50%; border-color: #e15d12;\">Site acad\u00e9mique, Toulouse, disciplinaire en Physique Chimie<\/td>\n<td style=\"width: 50%; border-color: #e15d12;\"><a href=\"https:\/\/disciplines.ac-toulouse.fr\/physique-chimie\/enseigner\/securite-risques-et-securite-en-physique\">https:\/\/disciplines.ac-toulouse.fr\/physique-chimie\/enseigner\/securite-risques-et-securite-en-physique<\/a><\/td>\n<\/tr>\n<tr>\n<td style=\"width: 50%; border-color: #e15d12;\">Site acad\u00e9mique, Toulouse, disciplinaire en Biotechnologie<\/td>\n<td style=\"width: 50%; border-color: #e15d12;\"><a href=\"https:\/\/disciplines.ac-toulouse.fr\/biotechnologies\/\">https:\/\/disciplines.ac-toulouse.fr\/biotechnologies\/<\/a><\/td>\n<\/tr>\n<tr>\n<td style=\"width: 50%; border-color: #e15d12;\">Site acad\u00e9mique, Toulouse, disciplinaire en SVT<\/td>\n<td style=\"width: 50%; border-color: #e15d12;\"><a href=\"https:\/\/disciplines.ac-toulouse.fr\/svt\">https:\/\/disciplines.ac-toulouse.fr\/svt<\/a><\/td>\n<\/tr>\n<tr>\n<td style=\"width: 50%; border-color: #e15d12;\">Les instances consultatives<\/td>\n<td style=\"width: 50%; border-color: #e15d12;\"><a href=\"https:\/\/www.education.gouv.fr\/les-structures-de-consultation-6296\">https:\/\/www.education.gouv.fr\/les-structures-de-consultation-6296<\/a><\/td>\n<\/tr>\n<tr>\n<td style=\"width: 50%; border-color: #e15d12;\">les ressources nationale de chimie. Vous trouverez des cours et exp\u00e9riences et des fiches de bases utiles en TP de concours comme la pes\u00e9e, les appareils de mesures &#8230;<\/td>\n<td style=\"width: 50%; border-color: #e15d12;\"><a href=\"https:\/\/eduscol.education.fr\/rnchimie\/\">https:\/\/eduscol.education.fr\/rnchimie\/<\/a><\/td>\n<\/tr>\n<tr>\n<td style=\"width: 50%; border-color: #e15d12;\">Les guides PARFAIRE sont tr\u00e8s bien r\u00e9alis\u00e9s pour pr\u00e9parer les concours, comprendre le fonctionnement administratif<\/td>\n<td style=\"width: 50%; border-color: #e15d12;\"><a href=\"http:\/\/www.parfaire.fr\/travaux-et-production\/brochures\">http:\/\/www.parfaire.fr\/travaux-et-production\/brochures<\/a><\/td>\n<\/tr>\n<tr>\n<td style=\"width: 50%; border-color: #e15d12;\">Exp\u00e9riences de physique et ressources<\/td>\n<td style=\"width: 50%; border-color: #e15d12;\"><a href=\"http:\/\/culturesciencesphysique.ens-lyon.fr\/par_theme\">http:\/\/culturesciencesphysique.ens-lyon.fr\/par_theme<\/a><\/td>\n<\/tr>\n<tr>\n<td style=\"width: 50%; border-color: #e15d12;\">Exp\u00e9riences de chimie et ressources<\/td>\n<td style=\"width: 50%; border-color: #e15d12;\"><a href=\"https:\/\/culturesciences.chimie.ens.fr\/\">https:\/\/culturesciences.chimie.ens.fr\/<\/a><\/td>\n<\/tr>\n<tr>\n<td style=\"width: 50%; border-color: #e15d12;\">simulations<\/td>\n<td style=\"width: 50%; border-color: #e15d12;\"><a href=\"https:\/\/phet.colorado.edu\/fr\/\">https:\/\/phet.colorado.edu\/fr\/<\/a><\/td>\n<\/tr>\n<tr>\n<td style=\"width: 50%; border-color: #e15d12;\">simulations animations et vid\u00e9os<\/td>\n<td style=\"width: 50%; border-color: #e15d12;\"><a href=\"https:\/\/www.edumedia-sciences.com\/fr\/\">https:\/\/www.edumedia-sciences.com\/fr\/<\/a><\/td>\n<\/tr>\n<tr>\n<td style=\"width: 50%; border-color: #e15d12;\">animations et simulations vid\u00e9os<\/td>\n<td style=\"width: 50%; border-color: #e15d12;\"><a href=\"https:\/\/sites.google.com\/k12.somerville.ma.us\/friedmanscience\/desmos?authuser=0\">https:\/\/sites.google.com\/k12.somerville.ma.us\/friedmanscience\/desmos?authuser=0<\/a><\/td>\n<\/tr>\n<tr>\n<td style=\"width: 50%; border-color: #e15d12;\">animation dynamom\u00e8tre<\/td>\n<td style=\"width: 50%; border-color: #e15d12;\"><a href=\"https:\/\/www.pccl.fr\/physique_chimie_college_lycee\/troisieme\/mecanique\/masse_poids_dynamometre_flash.htm\">https:\/\/www.pccl.fr\/physique_chimie_college_lycee\/troisieme\/mecanique\/masse_poids_dynamometre_flash.htm<\/a><\/td>\n<\/tr>\n<tr>\n<td style=\"width: 50%; border-color: #e15d12;\">animation masses et ressorts<\/td>\n<td style=\"width: 50%; border-color: #e15d12;\"><a href=\"https:\/\/phet.colorado.edu\/sims\/html\/masses-and-springs\/latest\/masses-and-springs_fr.html\">https:\/\/phet.colorado.edu\/sims\/html\/masses-and-springs\/latest\/masses-and-springs_fr.html<\/a><\/td>\n<\/tr>\n<tr>\n<td style=\"width: 50%; border-color: #e15d12;\">plusieUrs animations<\/td>\n<td style=\"width: 50%; border-color: #e15d12;\"><a href=\"http:\/\/www.ostralo.net\/\">http:\/\/www.ostralo.net\/<\/a><\/p>\n<p><a href=\"https:\/\/www.pccl.fr\/\">https:\/\/www.pccl.fr\/<\/a><\/p>\n<p><a href=\"https:\/\/phyanim.sciences.univ-nantes.fr\/\">https:\/\/phyanim.sciences.univ-nantes.fr\/<\/a><\/td>\n<\/tr>\n<tr>\n<td style=\"width: 50%; border-color: #e15d12;\">animation lentilles<\/td>\n<td style=\"width: 50%; border-color: #e15d12;\"><a href=\"https:\/\/phyanim.sciences.univ-nantes.fr\/optiqueGeo\/lentilles\/lentille_mince.php\">https:\/\/phyanim.sciences.univ-nantes.fr\/optiqueGeo\/lentilles\/lentille_mince.php<\/a><\/td>\n<\/tr>\n<tr>\n<td style=\"width: 50%; border-color: #e15d12;\">ABC\u00e9daire de chimie orga<\/td>\n<td style=\"width: 50%; border-color: #e15d12;\"><a href=\"https:\/\/tice.ac-montpellier.fr\/ABCDORGA\/ORGANIQU.htm\">https:\/\/tice.ac-montpellier.fr\/ABCDORGA\/ORGANIQU.htm<\/a><\/td>\n<\/tr>\n<tr>\n<td style=\"width: 50%; border-color: #e15d12;\">techniques exp\u00e9rimentale chimie<\/td>\n<td style=\"width: 50%; border-color: #e15d12;\"><a href=\"http:\/\/www.spc.ac-aix-marseille.fr\/phy_chi\/Menu\/Activites_pedagogiques\/cap_exp\/\">http:\/\/www.spc.ac-aix-marseille.fr\/phy_chi\/Menu\/Activites_pedagogiques\/cap_exp\/<\/a><\/td>\n<\/tr>\n<tr>\n<td style=\"width: 50%; border-color: #e15d12;\">tableau p\u00e9riodique des \u00e9l\u00e9ments<\/td>\n<td style=\"width: 50%; border-color: #e15d12;\"><a href=\"https:\/\/sagascience.com\/mendeleiev\/\">https:\/\/sagascience.com\/mendeleiev\/<\/a><\/td>\n<\/tr>\n<tr>\n<td style=\"width: 50%; border-color: #e15d12;\">les Vid\u00e9os de C&#8217;est pas sorcier<\/td>\n<td style=\"width: 50%; border-color: #e15d12;\">\n<div dir=\"auto\">Voici des liens pour acc\u00e9der aux diff\u00e9rentes playlists r\u00e9parties par th\u00e8mes sur la cha\u00eene YouTube de C&#8217;est pas sorcier:<\/div>\n<div dir=\"auto\"><\/div>\n<div dir=\"auto\">&#8211; Playlist sur la faune (111 vid\u00e9os):\u00a0<a href=\"https:\/\/www.youtube.com\/playlist?list=PLh-qVJTuss10TCnUJXBXvWlLP_GBWBixX\" target=\"_blank\" rel=\"noopener\" data-saferedirecturl=\"https:\/\/www.google.com\/url?q=https:\/\/www.youtube.com\/playlist?list%3DPLh-qVJTuss10TCnUJXBXvWlLP_GBWBixX&amp;source=gmail&amp;ust=1644907270637000&amp;usg=AOvVaw2rCRY5KbDpjLziacdXSdyA\">https:\/\/www.youtube.com\/<wbr \/>playlist?list=PLh-<wbr \/>qVJTuss10TCnUJXBXvWlLP_GBWBixX<\/a><\/div>\n<div dir=\"auto\"><\/div>\n<div dir=\"auto\">&#8211; Playlist sur l&#8217;alimentation et l&#8217;agronomie (57 vid\u00e9os):\u00a0<a href=\"https:\/\/www.youtube.com\/playlist?list=PLh-qVJTuss11wiCnlW5soZ_AgPe4aqLAM\" target=\"_blank\" rel=\"noopener\" data-saferedirecturl=\"https:\/\/www.google.com\/url?q=https:\/\/www.youtube.com\/playlist?list%3DPLh-qVJTuss11wiCnlW5soZ_AgPe4aqLAM&amp;source=gmail&amp;ust=1644907270637000&amp;usg=AOvVaw0G0JRvy5JZBfHPnT5J3Dfw\">https:\/\/www.youtube.com\/<wbr \/>playlist?list=PLh-<wbr \/>qVJTuss11wiCnlW5soZ_AgPe4aqLAM<\/a><\/div>\n<div dir=\"auto\"><\/div>\n<div dir=\"auto\">&#8211; Playlist sur les transports (91 vid\u00e9os):\u00a0<a href=\"https:\/\/www.youtube.com\/playlist?list=PLh-qVJTuss12drO62KwC5yr6zdXDJEAng\" target=\"_blank\" rel=\"noopener\" data-saferedirecturl=\"https:\/\/www.google.com\/url?q=https:\/\/www.youtube.com\/playlist?list%3DPLh-qVJTuss12drO62KwC5yr6zdXDJEAng&amp;source=gmail&amp;ust=1644907270637000&amp;usg=AOvVaw0qZciDAqpM_qpcu-KqOmC4\">https:\/\/www.youtube.com\/<wbr \/>playlist?list=PLh-<wbr \/>qVJTuss12drO62KwC5yr6zdXDJEAng<\/a><\/div>\n<div dir=\"auto\"><\/div>\n<div dir=\"auto\">&#8211; Playlist sur l&#8217;\u00e9cologie et le climat (73 vid\u00e9os):\u00a0<a href=\"https:\/\/www.youtube.com\/playlist?list=PLh-qVJTuss106lKrRQhPiHdlKqh9xOEo6\" target=\"_blank\" rel=\"noopener\" data-saferedirecturl=\"https:\/\/www.google.com\/url?q=https:\/\/www.youtube.com\/playlist?list%3DPLh-qVJTuss106lKrRQhPiHdlKqh9xOEo6&amp;source=gmail&amp;ust=1644907270637000&amp;usg=AOvVaw3U41Ss_fjI_jKvC5iLX58t\">https:\/\/www.youtube.com\/<wbr \/>playlist?list=PLh-<wbr \/>qVJTuss106lKrRQhPiHdlKqh9xOEo6<\/a><\/div>\n<div dir=\"auto\"><\/div>\n<div dir=\"auto\">&#8211; Playlist sur la technologie et l&#8217;industrie (72 vid\u00e9os):\u00a0<a href=\"https:\/\/www.youtube.com\/playlist?list=PLh-qVJTuss11YU2bGO0D_3Xx081Y5OnYM\" target=\"_blank\" rel=\"noopener\" data-saferedirecturl=\"https:\/\/www.google.com\/url?q=https:\/\/www.youtube.com\/playlist?list%3DPLh-qVJTuss11YU2bGO0D_3Xx081Y5OnYM&amp;source=gmail&amp;ust=1644907270637000&amp;usg=AOvVaw07X0ZN8wxD9sHiXg27MOcq\">https:\/\/www.youtube.com\/<wbr \/>playlist?list=PLh-<wbr \/>qVJTuss11YU2bGO0D_3Xx081Y5OnYM<\/a><\/div>\n<div dir=\"auto\"><\/div>\n<div dir=\"auto\">&#8211; Playlist sur la g\u00e9ologie (32 vid\u00e9os):\u00a0<a href=\"https:\/\/www.youtube.com\/playlist?list=PLh-qVJTuss1334BVbxrkdkbUXQ93Q4AwA\" target=\"_blank\" rel=\"noopener\" data-saferedirecturl=\"https:\/\/www.google.com\/url?q=https:\/\/www.youtube.com\/playlist?list%3DPLh-qVJTuss1334BVbxrkdkbUXQ93Q4AwA&amp;source=gmail&amp;ust=1644907270637000&amp;usg=AOvVaw2q55_tg_Ut7KMOWnCHFJW3\">https:\/\/www.youtube.com\/<wbr \/>playlist?list=PLh-<wbr \/>qVJTuss1334BVbxrkdkbUXQ93Q4AwA<\/a><\/div>\n<div dir=\"auto\"><\/div>\n<div dir=\"auto\">&#8211; Playlist sur la m\u00e9decine (59 vid\u00e9os):\u00a0<a href=\"https:\/\/www.youtube.com\/playlist?list=PLh-qVJTuss13HERszGwcG6WhB19aPhCtA\" target=\"_blank\" rel=\"noopener\" data-saferedirecturl=\"https:\/\/www.google.com\/url?q=https:\/\/www.youtube.com\/playlist?list%3DPLh-qVJTuss13HERszGwcG6WhB19aPhCtA&amp;source=gmail&amp;ust=1644907270637000&amp;usg=AOvVaw2nAhfqnsiH_pojXFmaec1z\">https:\/\/www.youtube.com\/<wbr \/>playlist?list=PLh-<wbr \/>qVJTuss13HERszGwcG6WhB19aPhCtA<\/a><\/div>\n<div dir=\"auto\"><\/div>\n<div dir=\"auto\">&#8211; Playlist sur la botanique (25 vid\u00e9os):\u00a0<a href=\"https:\/\/www.youtube.com\/playlist?list=PLh-qVJTuss12AnWSQqk5Ubnks2rHwE_I4\" target=\"_blank\" rel=\"noopener\" data-saferedirecturl=\"https:\/\/www.google.com\/url?q=https:\/\/www.youtube.com\/playlist?list%3DPLh-qVJTuss12AnWSQqk5Ubnks2rHwE_I4&amp;source=gmail&amp;ust=1644907270637000&amp;usg=AOvVaw2VjNmQGN0XYNTG3g3uQQOB\">https:\/\/www.youtube.com\/<wbr \/>playlist?list=PLh-<wbr \/>qVJTuss12AnWSQqk5Ubnks2rHwE_I4<\/a><\/div>\n<div dir=\"auto\"><\/div>\n<div dir=\"auto\">&#8211; Playlist sur la g\u00e9ographie et la d\u00e9couverte (66 vid\u00e9os):\u00a0<a href=\"https:\/\/www.youtube.com\/playlist?list=PLh-qVJTuss10kKUwCFU0BKWHqlij9O0sO\" target=\"_blank\" rel=\"noopener\" data-saferedirecturl=\"https:\/\/www.google.com\/url?q=https:\/\/www.youtube.com\/playlist?list%3DPLh-qVJTuss10kKUwCFU0BKWHqlij9O0sO&amp;source=gmail&amp;ust=1644907270637000&amp;usg=AOvVaw2eVb1EvhtYCYU7j_5IdULc\">https:\/\/www.youtube.com\/<wbr \/>playlist?list=PLh-<wbr \/>qVJTuss10kKUwCFU0BKWHqlij9O0sO<\/a><\/div>\n<div dir=\"auto\"><\/div>\n<div dir=\"auto\">&#8211; Playlist sur le sport (29 vid\u00e9os):\u00a0<a href=\"https:\/\/www.youtube.com\/playlist?list=PLh-qVJTuss11YOvuBFM8cLy7mVLVO_b5N\" target=\"_blank\" rel=\"noopener\" data-saferedirecturl=\"https:\/\/www.google.com\/url?q=https:\/\/www.youtube.com\/playlist?list%3DPLh-qVJTuss11YOvuBFM8cLy7mVLVO_b5N&amp;source=gmail&amp;ust=1644907270637000&amp;usg=AOvVaw1td_3oU22XyxOz1qJJNPfc\">https:\/\/www.youtube.com\/<wbr \/>playlist?list=PLh-<wbr \/>qVJTuss11YOvuBFM8cLy7mVLVO_b5N<\/a><\/div>\n<div dir=\"auto\"><\/div>\n<div dir=\"auto\">&#8211; Playlist sur l&#8217;\u00e9nergie (40 vid\u00e9os):\u00a0<a href=\"https:\/\/www.youtube.com\/playlist?list=PLh-qVJTuss11luPhaH_eNjEPXpeXUPuYl\" target=\"_blank\" rel=\"noopener\" data-saferedirecturl=\"https:\/\/www.google.com\/url?q=https:\/\/www.youtube.com\/playlist?list%3DPLh-qVJTuss11luPhaH_eNjEPXpeXUPuYl&amp;source=gmail&amp;ust=1644907270637000&amp;usg=AOvVaw22146Zs9oYszBwdx3F3I9v\">https:\/\/www.youtube.com\/<wbr \/>playlist?list=PLh-<wbr \/>qVJTuss11luPhaH_eNjEPXpeXUPuYl<\/a><\/div>\n<div dir=\"auto\"><\/div>\n<div dir=\"auto\">&#8211; Playlist sur le corps humain (43 vid\u00e9os):\u00a0<a href=\"https:\/\/www.youtube.com\/playlist?list=PLh-qVJTuss136BCsUQYCuh3hjvScwbJUI\" target=\"_blank\" rel=\"noopener\" data-saferedirecturl=\"https:\/\/www.google.com\/url?q=https:\/\/www.youtube.com\/playlist?list%3DPLh-qVJTuss136BCsUQYCuh3hjvScwbJUI&amp;source=gmail&amp;ust=1644907270637000&amp;usg=AOvVaw2pRQ9AKL25-H68SqE-CRlu\">https:\/\/www.youtube.com\/<wbr \/>playlist?list=PLh-<wbr \/>qVJTuss136BCsUQYCuh3hjvScwbJUI<\/a><\/div>\n<div dir=\"auto\"><\/div>\n<div dir=\"auto\">&#8211; Playlist sur la physique et la chimie (38 vid\u00e9os):\u00a0<a href=\"https:\/\/www.youtube.com\/playlist?list=PLh-qVJTuss1003czurXTvpIvEP3aXnI7P\" target=\"_blank\" rel=\"noopener\" data-saferedirecturl=\"https:\/\/www.google.com\/url?q=https:\/\/www.youtube.com\/playlist?list%3DPLh-qVJTuss1003czurXTvpIvEP3aXnI7P&amp;source=gmail&amp;ust=1644907270637000&amp;usg=AOvVaw3uIAuASH18E35MhWnd9PD9\">https:\/\/www.youtube.com\/<wbr \/>playlist?list=PLh-<wbr \/>qVJTuss1003czurXTvpIvEP3aXnI7P<\/a><\/div>\n<div dir=\"auto\"><\/div>\n<div dir=\"auto\">&#8211; Playlist sur l&#8217;histoire et l&#8217;arch\u00e9ologie (64 vid\u00e9os):\u00a0<a href=\"https:\/\/www.youtube.com\/playlist?list=PLh-qVJTuss10_AnrdoXynbZn-ZFgB2Sby\" target=\"_blank\" rel=\"noopener\" data-saferedirecturl=\"https:\/\/www.google.com\/url?q=https:\/\/www.youtube.com\/playlist?list%3DPLh-qVJTuss10_AnrdoXynbZn-ZFgB2Sby&amp;source=gmail&amp;ust=1644907270637000&amp;usg=AOvVaw06w71tmfoOy5wnpxFlLVlO\">https:\/\/www.youtube.com\/<wbr \/>playlist?list=PLh-qVJTuss10_<wbr \/>AnrdoXynbZn-ZFgB2Sby<\/a><\/div>\n<div dir=\"auto\"><\/div>\n<div dir=\"auto\">&#8211; Playlist sur la d\u00e9fense (33 vid\u00e9os):\u00a0<a href=\"https:\/\/www.youtube.com\/playlist?list=PLh-qVJTuss10Mk8OiQWABOgqViW8xkmaH\" target=\"_blank\" rel=\"noopener\" data-saferedirecturl=\"https:\/\/www.google.com\/url?q=https:\/\/www.youtube.com\/playlist?list%3DPLh-qVJTuss10Mk8OiQWABOgqViW8xkmaH&amp;source=gmail&amp;ust=1644907270637000&amp;usg=AOvVaw15WTvvhIo1S7AcXKCwsU-m\">https:\/\/www.youtube.com\/<wbr \/>playlist?list=PLh-<wbr \/>qVJTuss10Mk8OiQWABOgqViW8xkmaH<\/a><\/div>\n<div dir=\"auto\"><\/div>\n<div dir=\"auto\">&#8211; Playlist sur l&#8217;\u00e9conomie et la soci\u00e9t\u00e9 (47 vid\u00e9os):\u00a0<a href=\"https:\/\/www.youtube.com\/playlist?list=PLh-qVJTuss13GodDuMmm5Ph8hilyQP8kI\" target=\"_blank\" rel=\"noopener\" data-saferedirecturl=\"https:\/\/www.google.com\/url?q=https:\/\/www.youtube.com\/playlist?list%3DPLh-qVJTuss13GodDuMmm5Ph8hilyQP8kI&amp;source=gmail&amp;ust=1644907270637000&amp;usg=AOvVaw3SLdCAt2xxcMSPBQDI9C0Q\">https:\/\/www.youtube.com\/<wbr \/>playlist?list=PLh-<wbr \/>qVJTuss13GodDuMmm5Ph8hilyQP8kI<\/a><\/div>\n<div dir=\"auto\"><\/div>\n<div dir=\"auto\">&#8211; Playlist sur la communication (23 vid\u00e9os):\u00a0<a href=\"https:\/\/www.youtube.com\/playlist?list=PLh-qVJTuss13DTDtjpx40TASjjXkMdJNI\" target=\"_blank\" rel=\"noopener\" data-saferedirecturl=\"https:\/\/www.google.com\/url?q=https:\/\/www.youtube.com\/playlist?list%3DPLh-qVJTuss13DTDtjpx40TASjjXkMdJNI&amp;source=gmail&amp;ust=1644907270637000&amp;usg=AOvVaw3rqh9-PJQrQZtbaMxORg7c\">https:\/\/www.youtube.com\/<wbr \/>playlist?list=PLh-<wbr \/>qVJTuss13DTDtjpx40TASjjXkMdJNI<\/a><\/div>\n<div dir=\"auto\"><\/div>\n<div dir=\"auto\">&#8211; Playlist sur l&#8217;espace et l&#8217;astronomie (27 vid\u00e9os):\u00a0<a href=\"https:\/\/www.youtube.com\/playlist?list=PLh-qVJTuss13TJpf3Fdd8cbLaPbT18a9Z\" target=\"_blank\" rel=\"noopener\" data-saferedirecturl=\"https:\/\/www.google.com\/url?q=https:\/\/www.youtube.com\/playlist?list%3DPLh-qVJTuss13TJpf3Fdd8cbLaPbT18a9Z&amp;source=gmail&amp;ust=1644907270637000&amp;usg=AOvVaw3SsGIqaLRWTXWjYRKTfW6-\">https:\/\/www.youtube.com\/<wbr \/>playlist?list=PLh-<wbr \/>qVJTuss13TJpf3Fdd8cbLaPbT18a9Z<\/a><\/div>\n<div dir=\"auto\"><\/div>\n<div dir=\"auto\">&#8211; Playlist sur les arts et spectacles (26 vid\u00e9os):\u00a0<a href=\"https:\/\/www.youtube.com\/playlist?list=PLh-qVJTuss134ubb6FxFaJlkEbXpqAq97\" target=\"_blank\" rel=\"noopener\" data-saferedirecturl=\"https:\/\/www.google.com\/url?q=https:\/\/www.youtube.com\/playlist?list%3DPLh-qVJTuss134ubb6FxFaJlkEbXpqAq97&amp;source=gmail&amp;ust=1644907270637000&amp;usg=AOvVaw32VLXbCa_Qr-RXaxhtnUVs\">https:\/\/www.youtube.com\/<wbr \/>playlist?list=PLh-<wbr \/>qVJTuss134ubb6FxFaJlkEbXpqAq97<\/a><\/div>\n<div dir=\"auto\"><\/div>\n<div dir=\"auto\">&#8211; Playlist sur les d\u00e9mos de Jamy (1 288 vid\u00e9os):<\/div>\n<div dir=\"auto\"><a href=\"https:\/\/www.youtube.com\/playlist?list=PLh-qVJTuss12tJi7ubLWGYSrPJSHiAx8G\" target=\"_blank\" rel=\"noopener\" data-saferedirecturl=\"https:\/\/www.google.com\/url?q=https:\/\/www.youtube.com\/playlist?list%3DPLh-qVJTuss12tJi7ubLWGYSrPJSHiAx8G&amp;source=gmail&amp;ust=1644907270637000&amp;usg=AOvVaw35_f_Q1dGfTbs1eeE2NlSN\">https:\/\/www.youtube.com\/<wbr \/>playlist?list=PLh-<wbr \/>qVJTuss12tJi7ubLWGYSrPJSHiAx8G<\/a><\/div>\n<\/td>\n<\/tr>\n<\/tbody>\n<\/table>\n<p>&nbsp;<\/p>\n<p>&nbsp;<\/p>\n<p>&nbsp;<\/p>\n","protected":false},"excerpt":{"rendered":"<p>En voici quelques uns mais la liste n&#8217;est pas exhaustive : vid\u00e9os de TP r\u00e9alis\u00e9s par une coll\u00e8gue:\u00a0https:\/\/toulouse-sgencfdt.fr\/WORDPRESS_ITRF\/2023\/03\/10\/videos-de-tp\/ L&#8217;INRS, Institut National de recherche et de s\u00e9curit\u00e9, est un organisme de r\u00e9f\u00e9rence dans les domaines de la sant\u00e9 au travail et de la pr\u00e9vention des risques professionnels http:\/\/www.inrs.fr\/ L&#8217;observatoire national de la s\u00e9curit\u00e9 a pour r\u00f4le &hellip; <a href=\"https:\/\/toulouse-sgencfdt.fr\/WORDPRESS_ITRF\/les-liens-utiles\/\" class=\"more-link\">Continuer la lecture de <span class=\"screen-reader-text\">les liens utiles<\/span>  <span class=\"meta-nav\">&rarr;<\/span><\/a><\/p>\n","protected":false},"author":11,"featured_media":0,"parent":0,"menu_order":0,"comment_status":"closed","ping_status":"closed","template":"","meta":{"footnotes":""},"class_list":["post-271","page","type-page","status-publish","hentry"],"_links":{"self":[{"href":"https:\/\/toulouse-sgencfdt.fr\/WORDPRESS_ITRF\/wp-json\/wp\/v2\/pages\/271","targetHints":{"allow":["GET"]}}],"collection":[{"href":"https:\/\/toulouse-sgencfdt.fr\/WORDPRESS_ITRF\/wp-json\/wp\/v2\/pages"}],"about":[{"href":"https:\/\/toulouse-sgencfdt.fr\/WORDPRESS_ITRF\/wp-json\/wp\/v2\/types\/page"}],"author":[{"embeddable":true,"href":"https:\/\/toulouse-sgencfdt.fr\/WORDPRESS_ITRF\/wp-json\/wp\/v2\/users\/11"}],"replies":[{"embeddable":true,"href":"https:\/\/toulouse-sgencfdt.fr\/WORDPRESS_ITRF\/wp-json\/wp\/v2\/comments?post=271"}],"version-history":[{"count":28,"href":"https:\/\/toulouse-sgencfdt.fr\/WORDPRESS_ITRF\/wp-json\/wp\/v2\/pages\/271\/revisions"}],"predecessor-version":[{"id":5047,"href":"https:\/\/toulouse-sgencfdt.fr\/WORDPRESS_ITRF\/wp-json\/wp\/v2\/pages\/271\/revisions\/5047"}],"wp:attachment":[{"href":"https:\/\/toulouse-sgencfdt.fr\/WORDPRESS_ITRF\/wp-json\/wp\/v2\/media?parent=271"}],"curies":[{"name":"wp","href":"https:\/\/api.w.org\/{rel}","templated":true}]}}